2 - 38*s + 267. Suppose -93*w - 35 = -5*q - 98*w, 4*q + 5*w = 26. Calculate i(q).
6
Let r(g) = 14 - 126*g**2 + 86*g**2 - 2*g + 43*g**2. Calculate r(6).
110
Let r = -170 - -170. Suppose r*l = 4*l + 12. Let b(v) = -v**3 - 4*v**2 + v + 3. What is b(l)?
-9
Let a(y) = -y + 21. Let f be a(-15). Suppose 2*v + 4*v = -f. Let p(z) = -z**3 - 6*z**2 - 7. Determine p(v).
-7
Suppose 29*d - 44 = 51*d. Let p(n) = -4*n**2 - 2*n + 1. Let c(l) = 5*l**2 + 2*l - 2. Let f(k) = -2*c(k) - 3*p(k). Calculate f(d).
5
Suppose a + 3*r = 95, 10*a + 5*r = 7*a + 289. Let c = a + -93. Suppose -8*v = -c*v. Let f(w) = -w**3 + w**2 + 2. Determine f(v).
2
Let x(l) = l**3 + 2*l**2 - 2*l + 1. Suppose -h + 0*h - 5 = 0. Let c be -1 - -2 - ((-25)/h)/(-5). Suppose 3 = -c*u - 3. What is x(u)?
-2
Suppose 0 = 3*c - 3*t - 27, 5*c + 4*t = 16 + 47. Let s(k) = 3*k**2 - 36*k + 24. Calculate s(c).
-9
Let a be (-48564)/4446 + 1/(-13). Let c(x) be the first derivative of x**2/2 + 14*x + 3. Calculate c(a).
3
Let j(h) = 186*h + 16. Let r(m) = -80*m - 7. Let w(u) = 3*j(u) + 7*r(u). Let i be 3/((-6)/(-14)) - 1. Determine w(i).
-13
Let g(q) = q**3 - q - 2. Let l = -67 - -110. Let t = l + -150. Let c = 105 + t. Determine g(c).
-8
Let g(a) = 3*a**2 + 2*a. Let c(f) = -2*f**2 - f - 1. Let o(h) = -5*c(h) - 4*g(h). Let r(d) = -d**2 - 11*d - 4. Let n be r(-11). Determine o(n).
-15
Suppose 0 = 4*p - p + s - 72, -p = 4*s - 35. Suppose 4*c = -11 + p. Let o(b) be the first derivative of b**4/4 - b**3 + b**2 - 2*b + 4. Give o(c).
4
Let l(z) = z**3 + 7*z**2 - 2*z - 6. Let j be 17/2 - 3/(-6). Suppose j*u - 21 = 12*u. Determine l(u).
8
Let b be (-58)/6 + (-1)/3. Let v(y) = 17*y**3 + 57*y**2 + 14*y + 362. Let a(h) = -4*h**3 - 14*h**2 - 4*h - 83. Let u(z) = -13*a(z) - 3*v(z). Determine u(b).
-7
Let r be 0*((1 - 3) + 6/4). Let f(x) = -4 + 11 + 3*x - x**2 + r. Give f(5).
-3
Let b(f) = 4*f + 9. Let n be 156/(-27) + -5 + 258/54. Let u(g) = g. Let m(s) = n*u(s) + b(s). What is m(6)?
-3
Let t(m) = -9*m + 30 + 26393*m**2 + 9*m - 26392*m**2. Determine t(7).
79
Let k(a) = -a - 3. Suppose -5*w + 47 = 2*q, 3*q + 2*w + 0*w = 98. Suppose -100*d + q = -91*d. Calculate k(d).
-7
Suppose -2*o = o - 924. Let q(w) = -w**2 + 308 - o + 4*w. Suppose 4*g + 102 = 114. Calculate q(g).
3
Suppose -83 + 62 = -7*c - 5*s, -15 = -5*c + 5*s. Let j(y) be the first derivative of -2 - 6*y + 1/3*y**c + 9/2*y**2. Calculate j(-9).
-6
Suppose -3*a = 2*h - 24, h - 2 = 3*a + 10. Let k(s) = 0*s - 2*s**3 - h*s**2 + 2*s + 37*s**2 - 22*s**2. Calculate k(3).
-21
Let z = 19135 - 19095. Let v(b) = 4*b - 157. What is v(z)?
3
Suppose 5*r + 13 = -3*x, -5*r - 15 = 3*x + 2*x. Let w(m) be the third derivative of m**6/15 + m**5/60 + m**2 - 9*m + 165. Give w(x).
-7
Let o(r) = -r**3 - 17*r**2 - 13*r + 39. Let s be (-5)/((-50)/(-30)) - 26/4*2. Give o(s).
-9
Let t = -109 - -169. Let p = t - 55. Let y(g) = g - 3. Determine y(p).
2
Let j(n) = -n**2 + 10*n - 25. Let m(d) = -64*d**3 + 15*d + 59*d**3 - 1 - 23*d**2 + 7 - 5*d. Let a be m(-5). What is j(a)?
-1
Let g(r) = -49*r + 200. Suppose 4*k - 1 = -5*n, k + 23*n - 13 = 26*n. Determine g(k).
4
Suppose 95*z - 91*z + 5*h = 5, 0 = 3*z - h + 1. Let l(g) be the third derivative of 1/8*g**4 + 0 + z*g + 0*g**3 + 11*g**2. What is l(1)?
3
Let n(y) = 9*y - 22. Suppose -22*v = -38*v + 80. Calculate n(v).
23
Let a(d) = -d**3 + 6*d**2 - 6*d + 4. Let g be a(0). Let r(z) be the second derivative of 3*z - 1/2*z**2 - 1/12*z**g + 1/2*z**3 + 0. What is r(3)?
-1
Let d(z) = -z**3 + 4*z**2 + z + 5. Let k be 2*(-2 - 24/((-8)/(-4))). Let u = 39 + k. Suppose 4*p + 25 = 5*b - p, 4*b + 5*p - u = 0. What is d(b)?
9
Let u(q) = -q - 1. Let h(t) = -8*t - 7. Let j be (-4)/(-6)*-3*2. Let n(i) = j*u(i) + h(i). Let l = 616 - 619. Give n(l).
9
Let s(t) = 3*t**3 - 3*t**2 + 138*t - 284. Let z be s(2). Let h(y) = y**2 + 3*y - 13. Calculate h(z).
15
Let n(b) be the third derivative of b**4/12 - b**3/2 + 36*b**2. Let d = -345 + 348. What is n(d)?
3
Suppose -603*o + 606*o = 15. Let f(c) = c**3 - c**2 - 19*c + 8. Determine f(o).
13
Let g = -1149 + 1145. Let f(m) be the second derivative of -m**7/2520 - m**6/720 + m**4/12 - 3*m. Let o(h) be the third derivative of f(h). Give o(g).
-12
Let a(y) = y**3 + 2*y**2 - 3*y - 4. Suppose 84 = 114*n + 540. What is a(n)?
-24
Let t(d) = -d**3 - 9*d**2 - 4*d - 30. Let p be t(-9). Let j(k) = 17*k + 8*k - 26*k + p. Let l = -75 - -84. Calculate j(l).
-3
Suppose -2*m + 5*d - 25 = 0, -2*m - 2*d = m + 66. Let r(h) = -9 - 13 - 163*h - h**2 + 293*h - 151*h. Determine r(m).
-2
Let x(b) = 402*b + 4014. Let c be x(-10). Let o(w) = -3*w - 27. Calculate o(c).
-9
Let h(s) = -s**3 - 2*s**2 - s. Let p be h(-2). Let m(f) = 13*f + 23937. Let z(q) = -5*q - 8704. Let l(j) = -4*m(j) - 11*z(j). Determine l(p).
2
Let d = -198 - -234. Suppose 18*p + d = -0. Let i(s) = 3 - s - 4 + 3*s - 3*s - 2*s**2. Determine i(p).
-7
Let v(g) be the first derivative of -5*g**2/2 + 6*g + 4. Suppose -16*a - 4*a = 15*a - 175. What is v(a)?
-19
Let i(k) = 228*k - 80*k - 8 - 78*k - 75*k + 5*k**2 + 0*k**2. What is i(-2)?
22
Let c(r) = -143*r + 29*r + 33*r + 1 + 29*r + 51*r. Calculate c(-7).
8
Let j be (-245)/14 + 15/6 + (9 - 11). Let a(q) = q**2 + 21*q + 60. Calculate a(j).
-8
Let g(a) be the third derivative of a**4/12 + a**3 + 7*a**2 - 9. Let p(b) = -b - 4. Let q(i) = -3*g(i) - 5*p(i). Determine q(3).
-1
Let g(d) = d**2 + 8*d + 9. Suppose -2*h - 17 = -1. Let o be g(h). Let s(v) = -2*v**2 + 2*v + 7*v + v**2 - 1182 + 1178. Calculate s(o).
-4
Let q(l) = -3 + 2 + 5*l + 2 - 4. Let u(b) = 26*b**3 + 3*b**2 - 2*b. Let h be u(1). Let r = h - 30. Give q(r).
-18
Let f(h) = -h**2 - 12*h - 3. Let l be f(-11). Let p(x) = 6*x**2 + x + 44*x**3 - 43*x**3 - 2 - l*x**2. Let t be (5 - 9)/(-2*1). What is p(t)?
0
Let v(q) = 10*q + 8. Let g(y) be the second derivative of y**3/6 + y**2/2 + 16*y - 2. Let f(x) = 3*g(x) - v(x). Calculate f(-1).
2
Let b be ((-12)/2)/(-29 + 27). Let z(w) = 8*w + w - 5*w + w**b + 2 - 5*w. Give z(3).
26
Suppose 16*c + 2*l = 19*c - 17, 4*c + l - 8 = 0. Let q(s) be the second derivative of s**5/20 - s**4/3 + 5*s**3/6 - 7*s**2/2 + 25*s. Calculate q(c).
-1
Let m(p) = p**2 - 13*p - 23. Let c(q) = -q**2 + 14*q + 16. Let h(w) = 2*c(w) + 3*m(w). Give h(15).
23
Let t(i) be the third derivative of -i**5/60 - 7*i**4/12 + i**3/2 - 2*i**2 + 1351. Give t(-7).
52
Let t(f) = 4*f - 7. Let s(y) = -y + 23. Let c be s(21). Suppose -c*a = -0*v - v, -4*a = v + 12. Let r be (-2)/(-4) + ((-2)/v - -4). Determine t(r).
13
Let x(f) = -f**3 + f**2 + 2*f - 1. Let d(g) = 17*g - 61 - g**2 - 2*g - 3*g + 12*g. Let k be d(21). What is x(k)?
-1
Let r(y) = y**3 + 4*y**2 - 4*y - 20. Let k be -2*(88/(-48))/(-11)*9. What is r(k)?
1
Let k(a) be the first derivative of 3*a**4/4 - 62*a**3/3 - 10*a**2 - 13*a - 3645. Calculate k(21).
8
Let u = -27220 - -27186. Let k(n) = n**2 + 29*n - 176. Give k(u).
-6
Let o(i) = 17*i - 16. Let x(u) = 6*u**3 - 38*u**2 + 29*u - 98. Let p be x(6). What is o(p)?
52
Let x(f) = -4*f + 111. Suppose 41*t = -18*t - 25*t + 2436. What is x(t)?
-5
Let g(p) = 9*p + 12. Let u be ((-16)/(-48))/((-5)/45). Calculate g(u).
-15
Let u(q) = q**2 - q - 4. Let m be -936*(-5 + -27*3/(-18)). Let v = m + -465. Give u(v).
2
Suppose 14 = 29*d - 28*d - 5*u, 4*u = -5*d - 17. Let s(r) = 17*r**2 - r - 2. Give s(d).
16
Let b(l) be the third derivative of 1/720*l**6 + 0 + 30*l**2 - 1/4*l**4 + 1/10*l**5 + 0*l + 0*l**3. Let k(t) be the second derivative of b(t). Give k(0).
12
Let q(n) = -5*n**2 + 4*n - 25. Let w(g) = -29*g**2 + 24*g - 149. Let y(k) = 35*q(k) - 6*w(k). Calculate y(0).
19
Let q(a) be the first derivative of -a**3/3 + 11*a**2/2 + 7*a + 2281. What is q(4)?
35
Let q(o) = -8*o. Suppose 2*k + 251 = m - 27, k - 5*m + 130 = 0. Let s be 1/((-4)/k) - 0. Let h = 36 - s. Calculate q(h).
-8
Suppose -63 - 17 = -4*h. Let v(g) = 18*g - 2 - 1 - 4 - 9*g**2 + g**3 - h*g + 10*g. Determine v(8).
-7
Let p(i) = -5*i**2 - 7*i - 1. Suppose 9*d - 5*d = g + 5, -5*g = -5*d - 5. Suppose g*u - 18 = 12*u. Determine p(u).
-7
Let j(c) = 30*c - 4 - 8*c + 15*c - 3 + 20*c. Determine j(2).
107
Let a be (-8)/((-3 - -5)*-1). Suppose -20 = -8*o + a. Let z(j) = 4*j**2 - 4*j + 0*j + j**2 + 6 + j**o - j. What is z(-6)?
0
Let u(v) be the second derivative of 0 + 3*v - 1/2*v**2 + 1/6*v**3. Suppose 2*q = 9*q + 12*q. Calculate u(q).
-1
Let w(r) =